 by 20?
11
Suppose 2*l = -46 + 456. Suppose 5*k + 3*u = -u + l, 3*k = u + 106. Suppose 0 = 4*x + 4*h - 44, h + h = 2. What is the remainder when k is divided by x?
7
Suppose 5*h - 4 = 1, 2*r - h - 7 = 0. Suppose 4*g - 116 = -r*b - 0*b, 37 = b - g. Let f = b - -24. What is the remainder when f is divided by 15?
12
Suppose -63 = -5*l - 3. Suppose -q - d - 99 = -4*q, -l = -4*d. Calculate the remainder when (q/4)/((-2)/(-16)) is divided by 23.
22
Let w(v) = 5*v**3 + 3*v**2 - 3*v + 1. Let h be w(3). Let k = h - 31. Suppose 2*z - 105 = -43. Calculate the remainder when k is divided by z.
30
Let h(r) = -r**2 + 18*r - 13. Let g be h(6). Let i = g - 43. Calculate the remainder when 27 is divided by i.
11
Suppose o + 609 = 4*k + 62, 0 = 2*k + 2*o - 286. Let b = k + -83. Calculate the remainder when b is divided by 28.
27
Let b = -448 + 709. Calculate the remainder when b is divided by 44.
41
Calculate the remainder when 47 is divided by (17 + -10)*(-2)/(-7).
1
Let z = 605 - 471. What is the remainder when z is divided by 28?
22
Let u = 74 - 53. Let z = 90 - 49. Calculate the remainder when z is divided by u.
20
Let u = -16 + 21. Suppose 35 = u*j - 0*j. Calculate the remainder when 17 is divided by j.
3
Let r = 154 + -145. Let v(d) = -2*d**3 - 2*d**2 + d - 2. What is the remainder when r is divided by v(-2)?
1
Let j = -6 + 29. Suppose -r + j = 3*p, 0 = -r - 3*p + 4*p + 11. Calculate the remainder when 53 is divided by r.
11
Suppose -69 = 4*j - 17. Let x = -7 - j. Calculate the remainder when 14 is divided by (-34)/51*-1*x.
2
Let b be ((-3)/4)/(2/(-8)). Suppose -2*m + 21 = -5*o, 7*m - 47 = b*m + 5*o. Let h(q) = -67*q + 159. Calculate the remainder when h(2) is divided by m.
12
Let c(i) = 23*i**2 - 1. Let n(l) = 0*l + 3*l**2 - 2*l - 1 + 10*l - 4*l**2. What is the remainder when c(-1) is divided by n(7)?
4
Let w(m) = -4*m + 89. Let v be w(-17). Let j = -142 + v. What is the remainder when 53 is divided by j?
8
Suppose 5*f = -0*o + 3*o, 25 = 2*o + 5*f. Suppose 3*q = -o*q + 336. What is the remainder when q is divided by 11?
9
Suppose -c = y - 142, -c = -y + 43 - 187. Calculate the remainder when c is divided by 24.
23
Let j = -62 + 185. Let u(x) = 2*x**2 + 82*x - 42. What is the remainder when j is divided by u(-42)?
39
Let b(t) = 2*t**3 - 2*t**2 - 3*t. Let g be (-2)/(((-30)/69)/5). Suppose 5*a - 10 = 0, 0 = 5*v + a - g + 6. Calculate the remainder when 53 is divided by b(v).
26
Let m(u) = 2*u**3 - u**2 - 3*u + 4. Calculate the remainder when 2/4 + (-1240)/(-16) is divided by m(3).
38
Let y(q) = q**3 - 10*q**2 + 17*q - 66. Let x = -10 + 36. Calculate the remainder when x + (8 - 2)/(-2) is divided by y(9).
5
Let q(t) = t**3 - 11*t**2 - 5*t - 2. What is the remainder when q(12) is divided by 64?
18
Let y(v) = v**2 - 14*v + 32. Calculate the remainder when 10 is divided by y(12).
2
Let f(p) be the second derivative of 5*p**3/2 + p**2/2 - 10*p. Suppose 51 = 3*n - 0*n. What is the remainder when f(2) is divided by n?
14
Suppose -i + b = 3*b - 57, 0 = -4*i - 4*b + 232. Suppose -4*r = -i + 39. What is the remainder when r is divided by 2?
1
Suppose 7*h + 43 - 106 = 0. What is the remainder when 44 is divided by h?
8
Let k = 75 - 57. Suppose 2*d + 50 = 2*b - k, -4*b = 4*d - 128. Calculate the remainder when 197 is divided by b.
32
Suppose 15*t = -10*t + 525. Calculate the remainder when 1868 is divided by t.
20
Let c = -11 + 29. What is the remainder when 29 is divided by c?
11
Let h = 32 - 23. Calculate the remainder when 34 is divided by h.
7
Let s(b) = 4*b**2 + 4*b - 10*b**2 + b**2 + 7*b**2. Suppose 88 = 3*z + 19. Calculate the remainder when z is divided by s(-3).
5
Let v = -32 - -40. Let a = 24 + v. Suppose -5*x - a = -9*x. What is the remainder when 15 is divided by x?
7
Suppose -156 = 3*f + 5*m, 9 = -2*m - m. Let t = 25 + f. Let c = 39 + t. What is the remainder when 31 is divided by c?
14
Suppose -3*o + 1354 - 8 = 5*m, -1345 = -3*o - 4*m. What is the remainder when o is divided by 56?
55
Let b(j) = -j**3 + 14*j**2 - 13*j + 5. Suppose -41 = -2*o - 15. Let g be b(o). Calculate the remainder when 40 is divided by ((-11)/g)/((-8)/40).
7
Suppose -3*x + 2*a = -288, 5*x - 13*a = -12*a + 487. Suppose -2*h + 74 = 4*p, -p = 4*h - 3*p - 138. Calculate the remainder when x is divided by h.
28
Let h(t) = -5*t + 91. Suppose 2*x - 3*x - 4 = 5*r, -5*x + 46 = 3*r. What is the remainder when h(12) is divided by x?
9
Suppose -28*g = -8929 - 4063. Calculate the remainder when g is divided by 15.
14
Suppose a = -3*a + 4, -3*b = -3*a - 3. Suppose -2*q - 4*m = -20, 3*q + b*m = 3*m + 23. Calculate the remainder when 118 is divided by q.
6
Let z(r) = -2*r**3 + 83*r**2 + 42*r + 15. What is the remainder when 899 is divided by z(42)?
14
Suppose -z = -4*z - 60. Suppose -42 = 2*k - 0*k. Let q = z - k. Calculate the remainder when q is divided by 1.
0
Suppose 0 = 8*p - 5*p - 3. Let s(i) = i + 8. Let b be s(-6). Suppose b = -0*q + 2*q. Calculate the remainder when p is divided by q.
0
Let r = -6 + 92. Suppose -r = -g - 9. Calculate the remainder when g is divided by 20.
17
Suppose 2*m + 3*m = -4*f + 238, 2*f + 6 = 0. Calculate the remainder when m is divided by 3.
2
Let y(w) = -w**3 + 6*w**2 - w - 5. Suppose -3*h + 223 + 191 = 0. Let t = h + -97. Calculate the remainder when t is divided by y(5).
11
Let x(f) = -6*f**2 + 92*f - 12. Calculate the remainder when x(15) is divided by 7.
4
Calculate the remainder when (1 - 209)*92/(-368) is divided by -3*(-10 - 1/(-1)).
25
Let a be (6/9)/(16/216). Let o be 23 + (a/(-3))/3. Let q = 34 - o. Calculate the remainder when 34 is divided by q.
10
Let n be (-8676)/90 - (-6)/(-10). Let d = 191 + n. What is the remainder when d is divided by 32?
30
Suppose 5*f - 5*v = 430, 0 = -10*f + 6*f - 3*v + 351. Let b = -77 + f. Calculate the remainder when b is divided by 1.
0
Let c(x) = -9*x - 188. What is the remainder when 529 is divided by c(-23)?
16
Let z(c) = -c**2 - 5*c - 2. Let j be z(-4). Let x = 50 + -35. Suppose -j*k - x = -5*k. What is the remainder when 18 is divided by k?
3
Suppose 0 = 3*f + 2*f + q - 11, -3*q - 3 = 3*f. Suppose f*j + l - 22 = 0, l - 3 = 1. Let b(d) = 2*d**2 - 3. What is the remainder when b(-3) is divided by j?
3
Let v = 204 + -137. Suppose 0 = -5*m + v + 3. What is the remainder when m is divided by 4?
2
Let a(h) = -h + 1 - 3*h**2 - 2 - 7*h + 5*h**2. What is the remainder when a(6) is divided by (-26)/(-6)*(-6)/(-2)?
10
Suppose 0 = t - 32 - 153. What is the remainder when 89 is divided by t/8 + 4/(-32)?
20
Let t(o) = 2*o**2 - 7*o + 13. What is the remainder when 90 is divided by t(2)?
6
Let c(f) = -f + 775. Calculate the remainder when c(-34) is divided by 163.
157
Suppose 4*a - 88 = 8. Calculate the remainder when 28 is divided by a*-3*(-8)/36.
12
Let f(i) = i**3 - 9*i**2 + 14*i + 9. Let d be f(7). Calculate the remainder when d/(1/2*12/42) is divided by 13.
11
Let b(v) = 2*v - 25. Let s be b(19). Let g = 45 + -4. What is the remainder when g is divided by s + (4 + -3)/1?
13
Let q = 4 - 0. Let j = 19 - 19. Suppose j = -o + 3 + 1. What is the remainder when o is divided by q?
0
Suppose -30*r - 2*p = -25*r - 464, -2*r - 2*p + 188 = 0. Calculate the remainder when r is divided by 90.
2
Let n = -323 - -358. Calculate the remainder when n is divided by 79/9 - 6/(-27).
8
Let v(n) = -n**3 + 6*n**2 + 29*n. Calculate the remainder when v(8) is divided by (-2)/6 - 1394/(-51).
23
Suppose -341 = -5*d - 61. Suppose 0 = 2*b + 5*y - 20, 20*b - 9 = 19*b - 3*y. Calculate the remainder when d is divided by b.
11
Let b = 210 - 189. What is the remainder when 82 is divided by b?
19
Let i(t) = -68*t - 1064. Calculate the remainder when i(-19) is divided by 46.
44
Let z(h) = 22*h - 177. Calculate the remainder when 34 is divided by z(9).
13
Suppose -16*p = -15*p - 137. What is the remainder when p is divided by 5?
2
Let c = -27 + 45. Suppose 3*f - 93 = -c. Calculate the remainder when 95 is divided by f.
20
Suppose 4*o + a = 1703, -2*o + 7*o + 2*a = 2131. Suppose 0 = -c - 4*c + o. Calculate the remainder when c is divided by 8*(75/20 - 1).
19
Let y(f) be the third derivative of 0*f + 0 - 1/120*f**6 + 1/24*f**4 + 1/3*f**3 + 3/20*f**5 + 8*f**2. Calculate the remainder when 32 is divided by y(9).
10
Calculate the remainder when (-6 + 2 - -1)*2358/(-2